5 - 26/(-3). Let f be (-224)/(-6) + (-3)/j. Suppose 0 = -4*g - 12, -5*g + 109 + f = u. Is u a composite number?
True
Let h(g) = -5*g + 6521. Is h(0) a composite number?
False
Suppose 404 = c + 73. Suppose 0*a + c = a. Is a a composite number?
False
Suppose -2*r - 1 = 2*u + 9, 11 = 2*r - 5*u. Let t = -8 - r. Let y(k) = -2*k + 3. Is y(t) a prime number?
False
Let r(l) = -l**3 + 6*l**2 + 3. Let u be r(6). Suppose d = -0*a + 3*a + 74, -u*d + 3*a + 252 = 0. Is d prime?
True
Let w be (2/(-5))/(2/(-10)). Suppose j - w - 1 = 2*i, -2*i = 0. Is 432 - (1 - 3) - j prime?
True
Suppose -i + 4*u + 885 = 0, 0 = -4*i + 6*u - 3*u + 3553. Is i prime?
False
Let n(q) = q**3 + 8*q**2 + 6*q - 1. Is n(-6) composite?
True
Let c = 421 + -90. Suppose 5*o = u - 3*u + 561, 3*o - c = -4*u. Is o composite?
False
Let q = 1768 + -981. Is q composite?
False
Suppose 0 = 4*c - 4*v, 2*c + 3*v - 24 = -3*c. Suppose -u = c*k - 1, -11 = -3*u + 4*k + 18. Suppose 3*l + 52 = u*l. Is l a prime number?
True
Let m(r) be the second derivative of -4*r + 1/12*r**4 + 0 + 3/2*r**2 + 1/2*r**3. Is m(4) a composite number?
False
Let b = 1 + 2. Suppose b*k = -g + 110, 3*g - 4 = 4*g. Is k + (2 + 0)/(-2) prime?
True
Let q = 7 - 13. Is q/4*664/(-12) a prime number?
True
Suppose 5*p = -7 - 3. Let v(u) = -30*u**3 + u**2 - 3*u - 1. Is v(p) prime?
False
Let t(y) = -y + 1. Let m be t(4). Let v(s) = -9*s - 2. Is v(m) prime?
False
Suppose 3*b = -111 - 192. Let x = b - -148. Is x a prime number?
True
Suppose -81 = -k + 4*b, 5*k - 2*b - 387 = -0*b. Is k prime?
False
Let h(a) = 2*a**2 - 6*a - 7. Let t be h(5). Suppose l + 2*s - 36 = 0, 5*s - 2*s - 33 = -l. Let g = t + l. Is g a prime number?
False
Let y(b) = -b**3 - 6*b**2 + b + 6. Let k be y(-6). Suppose -f + 0*f = 3*u - 6, 5*f + 3*u - 18 = k. Is 8 - ((-3)/f - -3) a composite number?
True
Suppose 0 = 3*y - 4*a + 23, 15 = -y - 4*y + 2*a. Suppose -5*f + 4*f - 20 = 0. Let o = y - f. Is o composite?
False
Let c(u) = u**3 - 8*u**2 + 8*u - 1. Let x be c(7). Suppose -d - 115 = -x*d. Is d prime?
True
Let q be (-12)/(-8) + 1671/2. Suppose 4*k - 4*a - 648 = 0, -3*k = 2*k + 4*a - q. Let p = k - 80. Is p a composite number?
True
Suppose 0 = h + 4*h - 290. Is h prime?
False
Suppose 11 = 4*w - 4*i - 1, 0 = -5*w + 3*i + 19. Suppose -w*t = -5, 3*t - 227 + 58 = -2*b. Is b composite?
False
Let b(w) = -3*w**2 - 1. Let k(x) = x**2 + 1. Let p(r) = -b(r) - 2*k(r). Suppose 0 = -2*z - 2*d + 4, 5*z - 10 = 5*d. Is p(z) composite?
False
Let w = -60 + 30. Let a be 4/(-10) + (-72)/w. Is (0/a + 7)*7 prime?
False
Let z = 3 + 40. Suppose -b + q = -122 - z, q - 4 = 0. Is b a prime number?
False
Let q be ((-5)/(-10))/((-1)/(-20)). Let a = 12 - q. Is a composite?
False
Let q be -6*5/(-20) + (-1)/(-2). Suppose 2*n = -5*k + 1045, -101 - 495 = -3*k + 5*n. Suppose -d - q*d = -k. Is d a prime number?
False
Suppose f + 3 = -0. Let z(p) = 3*p**2 - p + 1. Is z(f) composite?
False
Let m = 75 - -12. Let b = 140 - m. Is b prime?
True
Suppose 168 = c - 130. Is c composite?
True
Let b(w) = -16*w + 15. Is b(-11) composite?
False
Let h(l) = 4*l. Let i be h(1). Suppose -j - 2*j - 31 = 2*c, j = i*c - 1. Is (39/(-2))/(j/12) a composite number?
True
Let a(m) = 9*m**2 + m + 1. Let r be a(-1). Let y = -4 + r. Suppose 1077 - 287 = y*l - 3*z, -5*z = -4*l + 619. Is l a prime number?
False
Let z be (-1)/(-2) + 2/4. Let k = z + 10. Is k prime?
True
Let c = 506 + -738. Let o = 467 + c. Is o prime?
False
Let g be (-6)/27 - (-4252)/18. Suppose 0 = -b - 3*b + g. Is b prime?
True
Let m(o) = -27*o - 1. Is m(-2) a composite number?
False
Is (-386)/(-26) - (-2)/13 a prime number?
False
Suppose -2*b = b + c - 8, 0 = -2*c - 8. Suppose -b*t + 25 = -291. Is t a composite number?
False
Let z(q) = 68*q**2 - 1. Suppose 5*r = 9*r + 4. Is z(r) a prime number?
True
Let n(w) = -6*w**2 + 4*w**2 - 3*w**3 + w + 8*w**3. Let m = -1 + 3. Is n(m) prime?
False
Let s(h) = 2*h**3 - h**2 + 1. Let d be s(-1). Is (5 + 62)/((-2)/d) a prime number?
True
Is 7 + -9 + 203*1 a prime number?
False
Let i = -136 + 93. Let z = i - -170. Is z composite?
False
Let j(l) = 445*l - 3. Is j(4) prime?
True
Suppose 2*w - 5*m + 3*m - 334 = 0, 0 = -2*w - 4*m + 352. Suppose 3*k - 4*k + 4 = 0. Suppose -w = -k*a - 38. Is a a prime number?
False
Let y = 15 + -23. Is (2 + 26/y)*-124 prime?
False
Suppose -4*u + 6*u - 92 = 0. Is u composite?
True
Let y(d) = d**3 - 9*d**2 - d + 13. Let x be y(9). Suppose -f + 2*f = -g + 42, 173 = x*g + 3*f. Is g a composite number?
False
Let b = -11 + 6. Let f(a) be the second derivative of a**5/20 + 7*a**4/12 + 2*a**3/3 - 7*a**2/2 - a. Is f(b) prime?
True
Suppose 4*j - 117 = 727. Is j prime?
True
Is (12/(-8) + 2)*2*19 a composite number?
False
Suppose -18 = -5*x + 2*t, -3 = -4*x + 3*x + t. Suppose -3*y + 28 = x*d, 2*d = -3*d - y + 35. Suppose 0 = 3*o + 3, 2*p - o - 138 = -d. Is p a prime number?
False
Let n = 364 + -111. Is n a prime number?
False
Let l(g) = g**2 - 6*g - 2. Let m be l(7). Is (-195)/12*(1 - m) composite?
True
Suppose 4*h = 3*i + 1234, -1 - 3 = 2*i. Is h a composite number?
False
Let i = 10 + 57. Is i a prime number?
True
Let d = 24 - 19. Is 2/d - (-365)/25 a composite number?
True
Let f be (-26)/4 + (-8)/(-16). Let t(c) = 14*c**2 - 3*c - 21. Let g(o) = 5*o**2 - o - 7. Let w(y) = f*t(y) + 17*g(y). Is w(-9) a prime number?
True
Suppose 1 = 3*i - 5. Suppose -q - 4*s = -30 - 23, -i*q - 4*s = -90. Is q prime?
True
Let u be 2 - (-1)/(3/(-18)). Let k be (u - -1)/(6/(-10)). Suppose -27 = -h + k*a, -4*a + 0*a - 31 = -h. Is h a composite number?
False
Let k(x) = 299*x**2 - 8*x - 2. Is k(5) composite?
False
Suppose 2*s - 320 = 3*k, -s - 51 = -2*k - 209. Is s a composite number?
True
Let n = 1289 + -492. Is n composite?
False
Suppose -31 - 130 = -g. Is g a prime number?
False
Let t = -149 + 442. Is t composite?
False
Let u(d) = -7*d + 4 + 4 - 101*d. Let i be u(-6). Let q = i + -445. Is q a composite number?
False
Let w = -81 + 116. Is w prime?
False
Let o(y) = -y**2 + 3*y - 1. Let s be o(4). Let x(p) = -p**3 - 4*p**2 - 6*p - 2. Is x(s) a prime number?
True
Is 43*7 - (36/1)/(-9) a composite number?
True
Suppose 6*h - 3*h = 1428. Suppose -2*w - h = -4*p + 3*w, 476 = 4*p + w. Is p prime?
False
Suppose -2*j - 1465 = -7*j. Is j composite?
False
Let r = -14 + 17. Suppose 6*u - 129 = r*u. Is u a prime number?
True
Suppose -3*c - c = -12, 3*t - 4*c = 6285. Is t composite?
False
Suppose 5*k = 2*k + 18. Suppose -4*p + 2 = -k*p. Is p + 2/(-2) + 8 a composite number?
True
Let i = -8 - -17. Let a(g) = -i + 9*g**2 + 3*g**2 + 16. Is a(-5) a prime number?
True
Suppose s = -s + 974. Is s a prime number?
True
Let z(o) = 3*o**2 - 7*o - 1. Is z(-14) composite?
True
Let n = -9 + 13. Suppose n*l - 6 = l. Suppose 7*y - l*y = 115. Is y a prime number?
True
Let f = -219 - -512. Is f composite?
False
Let c = 2965 - 1650. Is c prime?
False
Is ((-10)/30)/(2/(-1602)) a prime number?
False
Suppose -21 = -2*j + 45. Suppose 2*o - 4*b = b - 33, 2*b - j = 3*o. Is 9/(-2)*42/o a composite number?
True
Let a(v) = 2*v**2 + 3*v + 10. Let m be a(-7). Let g be ((-10)/(-3))/(3/45). Let f = m - g. Is f a prime number?
True
Let f be ((-3)/6 + 2)*2. Suppose -f*j = j - 308. Is j a prime number?
False
Suppose 3*i - 1193 = -176. Let f = -212 + i. Is f prime?
True
Suppose -2*q - 3*d - 2 = -0*q, -3*q + 4*d = -31. Suppose -220 = g - q*g. Is g composite?
True
Suppose -r - 4*r + 65 = 0. Is r a prime number?
True
Suppose 4*k - 10 + 2 = 0. Suppose 2*a = -k*a + 1172. Is a a composite number?
False
Let o = -869 + 2970. Is o composite?
True
Let h(d) = 62*d - 1. Let r be h(11). Let g = r - 460. Is g prime?
False
Suppose 2*x = x. Suppose 217 = 4*t + 3*q, 0*t - 162 = -3*t - 3*q. Suppose -5*m + t = -x*m. Is m a prime number?
True
Suppose 3*k + 18 = -36. Let v(t) = -39*t**3 + 2*t**2 - 3*t + 2. Let f be v(2). Is 6/k - f/6 prime?
False
Suppose 4*h - 5*h = -214. Suppose m - h = 51. Is m prime?
False
Let c = 1767 - 110. Is c prime?
True
Let j(a) be the second derivative of -a**5/10 - 7*a**4/12 + 3*a**3/2 + a**2/2 - 3*a. Is j(-6) composite?
False
Is (-1 + 252)*(-2 - -3) composite?
False
Let n = -33 - -23. Let w = n + 17. Is w a composite number?
False
Suppose -4*p - i + 10 = 0, -p + 3*i + 7 + 2 = 0. Is (p/9)/(2/834) prime?
True
Let l = 84 - -175. Is l composite?
True
Let s = 53 - 26. Suppose -2*d - 500